 is the units digit of (-5)/((-5)/4) - c?
7
Suppose 4*z + 4 = 6*z. Suppose -18 = -5*n + z*h + 4, -4*n + 5*h + 21 = 0. Suppose -36 = -2*u - n. What is the units digit of u?
6
Suppose -14*o = -5*b - 15*o + 6685, -b + 1337 = -3*o. What is the thousands digit of b?
1
Suppose -401*d - 2853 = -404*d. What is the hundreds digit of d?
9
Suppose 0 = 6*x - 4655 + 3083. What is the units digit of x?
2
Let r(w) = 1. Let n(i) = 6*i - 20. Let b(z) = n(z) + 10*r(z). What is the tens digit of b(12)?
6
Let j(t) = -t**2 + 8*t + 4. Let i be j(8). Suppose 0 = 2*s + 5*x - 368, 117 = s - i*x - 41. Suppose -1 = a, -4*w - 45 = -a - s. What is the units digit of w?
2
Suppose u + 8 = -3*u. Let l be -26 - (2 + -3)*u. What is the units digit of (-98)/l*2/1?
7
Suppose -5*n = -y - 7478, 4*n = 10*y - 5*y + 5995. What is the thousands digit of n?
1
Let r(a) = -a**3 + 5*a**2 + 7*a + 8. Let c be r(7). Suppose 0*g = -g - 14. What is the units digit of c/(-4)*(18 + g)?
1
Suppose r + 4*m = 117, -r + 4*m + 303 = 2*r. Suppose -r = -5*c + 320. What is the units digit of c?
5
Let y = 9 - 1. What is the tens digit of (210/9)/(y/12)?
3
Suppose -2*a + 1105 = -z, 8*a = 4*a - z + 2213. What is the tens digit of a?
5
Let i(f) = 55*f**3 + 4*f**2 - 2*f - 2. What is the units digit of i(2)?
0
Let l(f) be the first derivative of -2*f**2 - 13*f - 9. Let p be l(-4). Suppose 4*q - 3*h - 129 = 0, -p*h - 195 = -5*q - 6*h. What is the tens digit of q?
3
Let y = 42 - 18. Let n = 46 - y. Let a = n - 2. What is the units digit of a?
0
Let l(k) = 10*k**2 - 2*k**2 + 2 + 3*k + 2 + 0. What is the tens digit of l(-3)?
6
Let f(k) = -k**2 - 14*k + 10. Suppose 5*d = n + 2*n - 53, 3*d - 4*n + 23 = 0. What is the units digit of f(d)?
3
Let r be 75/2*(-16)/(-24). Let z = r - 11. Suppose -15*g = -z*g - 67. What is the tens digit of g?
6
Let t(a) = 4*a - 11. Let h be t(5). Let m(b) be the first derivative of b**3/3 - 3*b**2/2 + 6*b + 1. What is the tens digit of m(h)?
6
Suppose 69 = 3*m + 63. What is the units digit of (-2360)/(-24) - m/6?
8
What is the units digit of 2 + 4*6213/4?
5
Let m(k) = -k**3 + 5*k**2 - 7*k + 2. Let l be m(2). Suppose -4*j = -l*j - 128. What is the units digit of j?
2
Suppose 3*n + 3 = -3*z, -3*z - 19 = -n - 8. Suppose -n*b + 6*b - 457 = -5*x, -3*x = 5*b - 555. Suppose 5*i - b = i. What is the tens digit of i?
2
Let g(n) = 29 - 13 + 8*n + n. What is the units digit of g(9)?
7
What is the tens digit of (27/15)/9 + (-4898)/(-10)?
9
Suppose 6440 = 12*o + 11*o. What is the units digit of o?
0
Let o(y) = y**3 + 18*y**2 - 13*y - 30. What is the tens digit of o(-16)?
9
Let z = -24 + 38. Let t(p) = -p**3 + 7*p**2 + 12*p - 5. Let m be t(8). Let x = m - z. What is the tens digit of x?
1
Let o = -633 - -1158. What is the tens digit of o?
2
What is the tens digit of 16/(-56) - 386*(-2)/7?
1
Suppose -438*z + 432*z + 3120 = 0. What is the hundreds digit of z?
5
Let p be 2/(-7) - 6/(-21). Let s(g) = -2*g + 5. Let h be s(p). Suppose j + 4*v - 13 = 0, 3 = h*v - 2*v. What is the units digit of j?
9
Let w be (52/(-5))/((-6)/15). Suppose -i + 66 + w = 0. What is the units digit of i?
2
Suppose 3*z + 33 = -2*w, -5*w + 8 = -4*z + 79. Let c = w - -24. What is the tens digit of 4/c*24*3?
3
Let y be -2 + (-13)/(-1) + -6. Let w(o) be the first derivative of 3*o**2 - 5*o + 1. What is the tens digit of w(y)?
2
Let c = -481 - -1897. What is the units digit of c?
6
Let x(v) = -v**3 - v**2 - 3. Let k be x(-3). Let y(p) = 6 - p**2 + 16*p**2 - k + p**3 - 10 - 5*p. What is the tens digit of y(-15)?
5
Let r(y) be the first derivative of -y**6/360 - 2*y**5/15 - y**4/12 + 2*y**3 + 9. Let d(o) be the third derivative of r(o). What is the units digit of d(-13)?
7
Let k be (12/(-14))/(2/14). Let c = k + 5. What is the units digit of 5 + c + (-111)/(-3)?
1
Let m = 23 - 23. Suppose -4*j + 40 + 56 = m. What is the units digit of j?
4
Suppose l + 8 = -3*l, -5*l = -4*m + 30. Suppose 4*d - 69 = -0*y - y, m*d - 5*y = 55. What is the tens digit of d?
1
Suppose 16 = 10*s - 4. Let h(q) be the third derivative of 3*q**4/4 - q**3/6 + 3*q**2. What is the tens digit of h(s)?
3
Suppose 3*i - 214 = 2*y - 77, -3*i - 46 = y. Let l = 132 - y. What is the hundreds digit of l?
1
What is the tens digit of 184/(-20)*(18 - 43)?
3
Let t(z) = 34*z - 2. Let g be t(5). Suppose -4*c = -0*c - g. What is the tens digit of c?
4
What is the units digit of 2*8571/42*7?
7
Suppose -n = 15 - 10. What is the units digit of (-10)/n*(-146)/(-4)?
3
Suppose r = -5*o + 14740, -9*o = -6*o + 2*r - 8837. What is the hundreds digit of o?
9
Let o = -4408 - -6604. What is the hundreds digit of o?
1
Let x(h) = h**3 + 6*h**2 - 4*h - 3. Let d be x(-5). Let w be (-12)/d - (-522)/14. Let j = w - -1. What is the tens digit of j?
3
Let j = 6745 - 3065. What is the units digit of j?
0
Suppose 12*x = 14499 - 1191. What is the thousands digit of x?
1
Let x be 6/15 - (-34)/(-10). Let p(b) = b**2 + 2*b. Let s be p(x). Let r(l) = 9*l - 1. What is the tens digit of r(s)?
2
Let p(j) = 310*j + 206. What is the units digit of p(11)?
6
Suppose 5*i - 15245 = -y, 5*i + 4665 = -3*y + 19920. What is the units digit of i?
8
Suppose -5*j + 419 = w, -6*j - 2*w = -5*j - 82. What is the units digit of j?
4
What is the tens digit of ((-2172)/9)/(26/(-39))?
6
Suppose 155 = 2*j + 3*a, -3*a = -3*j - 43 + 313. Let d = j + -45. What is the tens digit of d?
4
Let t = -34 - -36. Suppose t*r + 3*y = 136, 2*r + 2*y = -0*y + 134. What is the units digit of r?
5
Suppose -18*z + 16*z = 3*a - 3060, -2040 = -2*a + 2*z. What is the units digit of a?
0
Let l(o) = -5*o**3 - o**2 - o. Let k be l(-1). Suppose -2*d + k*d = 12. Suppose d*r = -i - 0*i + 19, 0 = i + 3*r - 15. What is the units digit of i?
3
Suppose 0 = 3*m + 6, m - 824 = -4*o + 3*m. What is the tens digit of o?
0
Let u(l) = -697*l**3 - l**2 - 30*l - 30. What is the tens digit of u(-1)?
9
Suppose h = -5, -3*h = 3*n - n - 17. Let u(x) = n*x + 10*x + 14*x**2 + 16 - 10*x - x**3 + 5. What is the units digit of u(15)?
6
Suppose 0 = -4*t + 8, -4*t + 5620 = 4*u + 1836. What is the tens digit of u?
4
What is the units digit of 1*-30*(2 - (-85)/(-2))?
5
Let r(n) = 7*n**2 + n + 2. Let o be r(-2). Let m be (43 - 45) + 23*1. Suppose -h - m = -o. What is the units digit of h?
7
Let b(i) = 9 - 4 - 4*i + 9. Let p(k) = -3*k + 13. Let a(g) = -5*b(g) + 6*p(g). What is the units digit of a(9)?
6
Let a(n) = 6*n**2 + 13 - 2*n**2 - 2*n**2 + 2*n + 0*n. What is the tens digit of a(6)?
9
Let h be (5 + -9)*(1 - 2). Suppose -3*r + 25 = -h*r. What is the tens digit of (-4)/(-2) - (0 + r)?
2
Let c(k) = -203*k + 95. What is the thousands digit of c(-6)?
1
Let p = -17 - -11. Let d(u) = 46*u**2 - u. Let c be d(1). Let m = p + c. What is the units digit of m?
9
Let a(i) = i**3 + 4*i**2 + 4*i + 7. Let g be a(-3). Suppose g*y + 166 = 2*t - 0*y, -2*t + 2*y = -162. What is the tens digit of t?
7
Let y(u) = 8*u**3 - 4*u - 5. Let x be y(-3). Let b = -123 - x. What is the tens digit of b?
8
What is the tens digit of (-350612)/368*4*-1?
1
Let w(f) = 6*f - 6. Let j be w(1). What is the units digit of (-122 + 2)/(-2) + j?
0
Suppose 0 = 37*z - 8*z - 13398. What is the tens digit of z?
6
Suppose s + 2447 = 2*c, -4*c + 2307 = 5*s - 2594. What is the hundreds digit of c?
2
Let c be -2 - -237 - (1 - 0). Suppose -g = 32 - 37. Suppose 0*j + 108 = 2*i - 2*j, -c = -4*i - g*j. What is the units digit of i?
6
Suppose -4*n - n = -90. Let u = -19 + n. What is the units digit of u/(1 - -1 - 3)?
1
Let q(g) = 205*g**2 + 65*g + 271. What is the tens digit of q(-4)?
9
Suppose -188*p + 191*p - 1785 = 0. What is the tens digit of p?
9
Let i be 264/(-396)*-6*(-79)/(-2). Let p = i - -82. What is the units digit of p?
0
Let l be 2 + 0 - (-8 - -5). Suppose -l*z + 5 = -d, -z - 2*z = 5*d - 3. Suppose 2*n + 0*n + 10 = d, 2*r + 2*n = 86. What is the units digit of r?
8
Suppose 13 + 7 = 10*q. Suppose -5*v = -q*g - 0*g - 609, -3*v = 5*g - 384. What is the hundreds digit of v?
1
Suppose 0 = d - 2*d + 4*a - 30, d + 36 = 2*a. Let k = d - -93. What is the tens digit of k?
5
Let k(g) = -106*g + 34. Let s be k(-6). Suppose 6*c = -s + 1972. What is the hundreds digit of c?
2
Let p(l) = -14*l**2 - 33*l - 32. Let b(y) = -5*y**2 - 11*y - 11. Let g(k) = 11*b(k) - 4*p(k). Let a be g(-11). Suppose -s + 6 = -a. What is the tens digit of s?
1
